+ -11.
17
Calculate -16 - (-26 - (13 - 10)).
13
What is the value of (-32 - -5 - -20) + 1 + -2?
-8
Evaluate 13 + -1 + -12 - (3 - 0).
-3
Calculate 6 - (-35 + 46 + 7 + -6).
-6
Evaluate -1 + (-1 - 3) + 37 + -31.
1
2 + -32 - (-465 - -451)
-16
Calculate 0 + (-13 - -12) + -3.
-4
Calculate (-4 - (5 + 2 + -12)) + (14 - 0).
15
(-1 + -4 - (15 + -10)) + (20 - 13)
-3
Evaluate -35 + 33 + -7 + 1 + 0 + -2.
-10
What is -10 + (1 + -7 - (-4 - -5)) + -4?
-21
What is -71 - -37 - -32 - (-6 + (-1 - -1))?
4
What is -2253 + 2245 + 1 + -2 + (0 - 0)?
-9
What is the value of 1 + -5 - ((-7 - -2) + -3) - 4?
0
Evaluate 24 + 55 + -21 - 23.
35
What is 16 + (-13 - -7) + -14?
-4
Calculate 6 + (20 - 7) + 5 + -2 + -6.
16
What is the value of 54 - (26 - -5) - 5?
18
Evaluate 6 - ((-1 - -5) + (-8 - (4 + -5))).
9
What is the value of 4 - 2 - ((-1 - -1) + -28) - 5?
25
Calculate -5 - -1 - (-16 + 18 + 0).
-6
Calculate (1 - 30) + 21 + 7.
-1
What is the value of -3 + (-11 - (-11 + 17 + -9))?
-11
What is 10 - (-3 - -12) - (8 - 8 - 7)?
8
Evaluate (-3 - (2 + 2) - (-98 - -107)) + 4.
-12
What is the value of -18 + (-4 - 3) + 4 + 6 + 7?
-8
What is -3 - (11 - 11) - (-6 - -10 - 21)?
14
(-30 - -26) + (-7 + 10 - -2)
1
What is -33 - (-34 - -34) - 1?
-34
What is -1 + -4 + (-2 - (-7 - -13)) + 15?
2
Evaluate (-3 - 20) + 6 - -26.
9
What is the value of (-6 + 4 - 1) + 0 + -5?
-8
What is the value of -3 + 17 - 1 - ((1 - -12) + -9)?
9
What is the value of 0 + 0 + (2 - 31) + -1 + 6?
-24
What is (306 - 313) + 0 + 1 + (1 - 4)?
-9
2 - 0 - ((-18 - (3 + -10)) + 11)
2
What is (-1 - (17 + -17)) + 7 + -3?
3
-17 + 9 + (2 - 2) - (-38 + 9)
21
(-1 - (-7 - (-4 - -4))) + -4
2
What is the value of 12 + (8 - (12 - (-6 - 14)))?
-12
What is -8 + (-5 + 8 - -16 - 6) - -4?
9
Evaluate 5 - (-21 + 7 + 13).
6
Evaluate (-19 - -5 - -5) + -35 + 69.
25
What is the value of 36 - 0 - (-34 + -42 - -92)?
20
Calculate -7 + 2 - (3 - 17).
9
Calculate 3 + 2 - (101 - 106).
10
Calculate 8 - (26 + 3 - 35).
14
What is the value of 17 + (-18 + 6 - 2)?
3
What is 106 + -57 + (-9 - 17)?
23
Calculate (16 - (18 - -3)) + 17.
12
What is (0 - -4) + (4 - 2 - 29) - -10?
-13
1 + -3 + (21 - -14 - 31)
2
Calculate 66 + -176 + 86 - (3 + 0).
-27
Evaluate -19 - 1 - ((-2 - -6) + -21).
-3
Calculate 9 + 0 - (-2 + 0 - (-5 - -1)).
7
What is 26 + -28 - (1 + (4 - 2))?
-5
What is -2 + 0 - (-9 + 18 + -16)?
5
(9 - 7) + -9 + -2 + 14
5
What is -9 + (9 - 29) - -50?
21
Evaluate -43 + 12 + 27 - (0 + -18).
14
Calculate 342 - 360 - (-1 + -1).
-16
What is the value of (9 - -1) + -5 - -2?
7
Calculate -2 + -9 + (163 - 186).
-34
What is -8 + -9 + 1 + 16?
0
What is the value of (0 - -18) + -1 + 6 + -12 - -2?
13
What is -49 + 24 - -42 - (-7 + (2 - 0))?
22
(-64 + -23 - -73) + (-1 - 1)
-16
What is the value of -11 + (26 - (14 + -8))?
9
What is the value of -24 - (-8 + -32 + 17)?
-1
37 + -8 + -14 + -16
-1
What is 1 + 12 + (2066 - 2087)?
-8
What is 7 - (0 - -9 - -5)?
-7
What is 226 + -234 + 21 + 0?
13
What is the value of -71 + 77 + 2 + 1?
9
-1 + 1 + 1 + 5 - (-19 + 34)
-9
What is (-6 - (6 + -20)) + -3 + 1 + -10?
-4
Evaluate 5 - (-2 + 0 + 8 + 9 + -8).
-2
Calculate 25 + 26 - (39 + 4).
8
What is -3 + -30 + 26 - -11?
4
What is the value of -5 + -4 + 21 + -21 + (4 - -1)?
-4
What is 0 + -6 + (-9 - 13 - -13) + 28?
13
31 + (-78 - (25 - 65))
-7
(1 - (-12 + 4) - 9 - 23) + 1
-22
What is -13 - 6 - ((14 - 2) + (39 - 40))?
-30
Evaluate (-8 - -3) + 19 - 10.
4
What is the value of 3 - (10 + (-16 - -21))?
-12
What is -6 + 0 + (8 - 7) + -3 + 9?
1
Evaluate 47 + 19 + -18 - 64.
-16
What is -10 + (17 - (6 - -2)) - -2?
1
Calculate 4 - (-9 + 5 - -8) - (-6 - -9).
-3
What is (1 - 8) + 2 + -6 + 1?
-10
What is the value of (1 + -10 - -24) + (5 - 7)?
13
(3 - (-7 - (10 + -10))) + -19
-9
(-6 - (6 + -13)) + (-6 - -4) + 1
0
What is the value of 21 - 13 - 16 - (-1 + 2 + -2)?
-7
What is -2 + 17 - ((0 - 16) + 21)?
10
What is 4 - 9 - (-26 + 12)?
9
What is -1 + 6 - (-3 - (-7 - 1))?
0
Evaluate (58 - 45) + -17 + 14.
10
Evaluate -19 + 2 - 4 - (10 + 12 + -20).
-23
Calculate 3 + 7 + (26 - 44).
-8
Calculate 0 - (-6 - (-1 + 1)) - -1.
7
What is the value of -10 - (14 + -22 + 4)?
-6
Calculate -2 + 11 - (10 - -8 - -15).
-24
3 + -29 - -18 - -8
0
3 + (-16 - 15) + 11
-17
What is the value of 6 - 3 - 12 - (-17 - -9)?
-1
10 + (-29 - -19) - (9 - -2)
-11
Calculate 16 - (-13 - (12 - 23)).
18
What is 1 + 4 + 2 + (6 - (10 + -1))?
4
What is the value of -10 + (-10 + 6 + -4 - -11)?
-7
What is the value of -8 + (-5 - -5) - -10?
2
Calculate (4 - 31) + (5 + 3 - (10 - 9)).
-20
(47 - (80 + -27)) + 19 + 0
13
Evaluate -5 + (11 + 0 - (4 + -4 - 2)).
8
Calculate 7 - ((16 - 0 - (5 + 5)) + 11).
-10
What is -23 - (40 - 25 - 30)?
-8
(-3 - -17) + (12 - 5 - 24)
-3
What is -1 + 12 + 41 + -31?
21
Calculate 19 + -10 + 5 + -24.
-10
What is -113 + 158 + (-7 - 73)?
-35
Calculate -10 + (1 - -8) + 3 + (-3 - 1).
-2
Evaluate -4 + (13 - 3) - (1 - -7).
-2
What is the value of 12 - (2 + (38 - 6 - 11))?
-11
What is the value of (-6 - (-2 + -1)) + 3 + (3 - 10)?
-7
(2 - -8) + (3 - -4 - 10) + 1
8
(-6 - 14) + 16 + 6 + 8
10
7 + -21 + 5 - -2 - -5
-2
What is the value of 22 - 23 - (0 - 3 - -6)?
-4
Evaluate -6 - 1 - ((19 - 6) + (-7 - -3)).
-16
What is the value of -3 - (-3 + 5 + -12 - (0 - -5))?
12
What is the value of -11 - -1 - -12 - -8?
10
What is (30 - 69 - -21) + 9?
-9
7 - (-4 - 5 - -27)
-11
What is the value of 14 + (3 - 9) + -1?
7
What is -6 + (3 - (3 - (2 + -5 - 0)))?
-9
What is 26 - ((-11 - -1) + (15 - 0))?
21
What is -27 + 7 + 0 + 23?
3
Evaluate (6 - 1) + (-939 - -923).
-11
Evaluate (51 - 38) + (2 - 23).
-8
What is the value of -3 + 4 + -15 + 47 + -48?
-15
What is the value of -13 + (19 - 7) + -11 + 2?
-10
-1 - (-4 - (5 - 8)) - -11
11
Evaluate -5 + 2 + (8 - -7) - (1 + -3).
14
What is the value of 5 + (-6 + 20 - 26)?
-7
What is the value of (15 - (-6 + 28)) + 1 + 1?
-5
(4 + -5 - -21) + -18
2
What is -1 + 11 + -7 + -14?
-11
What is (-20 - -10) + 11 + 6 + -7?
0
334 + -352 + (-1 + -1 - -6)
-14
Calculate 5 - (0 + -13 + 32 + 8).
-22
Evaluate (-25 - -29) + -1 + 8.
11
Evaluate 43 - 69 - (-4 - 5).
-17
Evaluate 44 + -5 - (122 - 106).
23
-9 + -18 + 9 - -15
-3
Evaluate -1 - 5 - (60 + -64) - (10 - -1).
-13
Evaluate -100 + 107 - (3 - 2 - 18).
24
What is the value of 1 - (11 + 12 + -11)?
-11
What is 6 + 7 - 6 - 8 - -10?
9
Calculate -3 + -2 - (-13 + -1 + 4).
5
What is the value of 15 - (17 + 5 + -14 - 6 - -1)?
12
(-4 - (4 - -3)) + 3 - -2
-6
-7 - (0 + 11 + -4 - -9)
-23
Calculate 1 - ((7 - 21) + 13).
2
Evaluate -2 + (-9 + -1 - (1 - -1) - -1).
-13
-21 + ((-1 - (16 - 7)) + 5 - 3)
-29
What is the value of 8 + -1 + (-7 - 2) - (0 + -22)?
20
Calculate -1 + 5 + -10 + 1 + 6.
1
What is -9 + 3 + (-23 - -8)?
-21
What is 6 - (10 + 0 - (1 + -14 + 9))?
-8
-5 + 19 + (-20 - 4) + -2
-12
Evaluate (2 - 1) + -586 + 561.
-24
What is the value of 3 - (-14 - (-4 - 12))?
1
What is -4 + 10 - ((-9 - -25) + 10) - -1?
-19
Evaluate -72 + 68 + 3 + 0.
-1
What is the value of (-6 + (23 - 13) - (-3 - -30)) + 7?
-16
Evaluate 1 + (-3 - -7) + (20 - 9) - 1.
15
What is 69 + -65 - (-3 + (-9 - -2 - -2))?
12
What is (-6 - 0 - 2) + (-39 - -41)?
-6
What is the value of 3 - -3 - ((3 + 1 - 7) + 5)?
4
What is -3 + 11 + -120 + 121?
9
What is -13 + -7 + 52 + -42?
-10
What is -3 + (2 - (-4 - ((-6 - -3) + -3)))?
-3
Calculate 0 - ((4 - 26) + 13).
9
What is the value of 1 + -1 + 18 + (1 - (15 - 2))?
6
What is the value of -2 - 1 - 4 - (-4 - (-3 + -4))?
-10
Calculate 295 + -294 + (-3 - -23).
21
Calculate 0 + (-9 - -4) - (-6 - -4 - 5).
2
(9 - 18) + 1 - -18
10
What is -12 - (-4 - (4 - -2) - (0 + -6))?
-8
What is (-66 - (-41 - -2)) + 9?
-18
What is the value of (2 + -7 - -3) + 10 + -24?
-16
Evaluate 5 + (-84 + 75 - (1 + 0)).
-5
(7 - -24 - 20) + (6 - 1)
16
-260 + 261 - (0 + -4 - (6 - 8))
3
Calculate 1 - 8 - (16 + (10 - 6) - 54).
27
Evaluate 8 - 15 - 8 - 10.
-25
2 + 2 + -7 - (-1 + 30 + -26)
-6
Calculate 4002 + -4018 + (-1 - 0) + 12.
-5
What is the value of 7 + (-15 + 3 + -1 - 3)?
-9
(-75 - -79 - (-1 + 10)) + 2
-3
Calculate -8 + 6 + 3 + -6.
-5
9 + -2 - 1 - (2 - (-1 - 3))
0
-21 - (-12 - (1 + (10 - 5) + -13))
-16
Calculate -2 + 21 - ((43 - 97) + 97).
-24
What is the value of (-4 + -17 - 0) + -1 + 8?
-14
What is the value of -19 + (8 - (5 + 2 - 0)) + 3?
-15
-14 - -1 - (-66 + 53)
0
What is the value of 18 - (0 - (18 - 31))?
5
Calculate (-19 + 5 - -16)